*d = -0*d + 3*m + u, 3*d - 158 = 4*m. Calculate the greatest common divisor of d and 10.
10
Let a = 31 + -35. Let c be (64/(-20))/(a/30). What is the greatest common factor of c and 8?
8
Suppose -3*i + 102 + 15 = u, 209 = 5*i - 3*u. Let d = -27 + i. Suppose -5*c + 57 = -658. Calculate the highest common divisor of d and c.
13
Suppose -20*q + 5*c = -19*q - 640, -2*q = 4*c - 1294. What is the highest common factor of q and 105?
15
Suppose -2*s = 10, 11*s = 2*n + 6*s - 457. Let y = 524 - n. Calculate the highest common divisor of y and 28.
28
Let i = -52 - -30. Let z = -20 - i. What is the highest common divisor of z and 5?
1
Suppose -5*u + 48 = 2*w, 5*w + u + 4*u - 105 = 0. Suppose 29 = 2*l - w. Calculate the greatest common divisor of l and 3.
3
Suppose -29 = 2*l - 35. Suppose -l*b = -89 - 7. Calculate the greatest common divisor of 48 and b.
16
Let c be ((-30)/25)/(2/(-5)). Suppose 4*x = -2*r + 22, 2*x + 0*r = c*r + 7. What is the highest common factor of 10 and x?
5
Let l be 5*(-368)/10*3/(-12). What is the greatest common divisor of l and 322?
46
Suppose 78 + 65 = 11*n. Calculate the greatest common divisor of 3 and n.
1
Let m(l) = 94*l**2 + 32*l + 24. Let j be m(6). Calculate the greatest common divisor of 72 and j.
72
Suppose -j + 4*b + 129 = 0, -7*j - b = -5*j - 249. What is the highest common divisor of 175 and j?
25
Let u = 561 - 462. Calculate the greatest common divisor of u and 1584.
99
Let y(z) = -7*z**3 + z**2 - 4*z - 4. Let p be y(-3). Let l = p + 3. Calculate the greatest common factor of l and 19.
19
Let l be (-64)/(-80)*(-35)/(-6)*15. Calculate the greatest common factor of 350 and l.
70
Let l(y) = -y**3 - 25*y**2 - 29*y - 30. Let k be l(-24). Calculate the greatest common factor of 12 and k.
6
Let d be 29 - 20 - (-12)/(-2). Suppose -24 = -2*k - 5*a + 15, 0 = -4*a + 12. Calculate the highest common divisor of k and d.
3
Let a(c) = 4 - 18 - 4*c - 13. Let z be a(-8). What is the highest common factor of 55 and z?
5
Suppose 6 = 6*w - 5*w. Suppose 0 = -w*q + 4*q - 5*i + 249, q + i = 117. Calculate the highest common factor of 28 and q.
28
Let l(p) = -6*p - 83. Let k be l(-14). Calculate the greatest common divisor of 1 and k.
1
Let y(f) = 7*f - 4. Let j be (1 - 10)*(-18)/27. Suppose 4*u - j = u. Let x be y(u). Calculate the highest common divisor of x and 2.
2
Let d = -11 - -20. Suppose -111 = -d*z + 51. Calculate the highest common divisor of z and 81.
9
Suppose 0 = 14*j - 13*j - 7. Let i be 7/(j/(-2)) - -4. Suppose -l = i - 50. What is the highest common divisor of l and 6?
6
Let k(b) = 54*b**3 - b**2 + b. Let t be k(1). Suppose -6 = s - t. What is the greatest common divisor of 16 and s?
16
Let u = 75 + 16. Let j(t) = 15*t**2 + t. Let k be j(-1). What is the highest common divisor of k and u?
7
Suppose 3*q - 2*v = -221, 0*q + 164 = -2*q - 2*v. Let m = 58 - q. Calculate the greatest common factor of 15 and m.
15
Let h = -49 + 39. Let l be (-84)/(-15)*(-25)/h. Calculate the greatest common factor of 42 and l.
14
Let f be (-40)/(-18) + 6/(-27). Suppose -2*v + 11*v = 72. What is the greatest common factor of f and v?
2
Suppose 75*s = 262 + 1163. What is the highest common factor of s and 3?
1
Suppose 4*y - 41 = -157. Let z = y + 32. Calculate the greatest common factor of z and 24.
3
Suppose 8737 + 15959 = 28*s. What is the highest common factor of 378 and s?
126
Suppose -221 = i - 23. Let z be (0 + i/15)*-5. What is the highest common divisor of 44 and z?
22
Let z(g) = g**3 - 5*g**2 + 6*g + 4. Let w be z(5). What is the greatest common factor of w and 17?
17
Let n(q) = -43*q + 1. Suppose 0 = 3*u - 8 - 4. Suppose 3*y - u*r + 19 = 0, -4*r = -y - 2 - 15. Let j be n(y). Calculate the greatest common divisor of j and 11.
11
Let w = 527 - 159. Calculate the highest common divisor of 96 and w.
16
Suppose -2*k - 8*b + 6 = -9*b, -3*k - b - 1 = 0. What is the greatest common divisor of k and 1?
1
Suppose -100 + 260 = -4*u. Let r be ((-10)/3)/(1/3). Let t = r - u. What is the greatest common factor of 10 and t?
10
Let g be (20/(-5) - -14)/((-2)/(-8)). What is the highest common factor of g and 5?
5
Suppose 9 = 3*i - 78. Suppose -26 - i = -5*l. Let p(y) = 82*y + 1225. Let m be p(-14). Calculate the greatest common divisor of m and l.
11
Let k(m) = m**3 + 7*m**2 + m - 3. Let h be k(-6). Suppose 3*v - 19 = 84*z - 80*z, -v - 1 = -5*z. Calculate the greatest common factor of h and v.
9
Let l(d) = 8*d - 6*d**2 + 3*d**2 + 4*d**2 + 7. Let u be l(-9). Calculate the greatest common divisor of u and 24.
8
Let d be (-7 - -47) + -10 - (-2 + 6). Calculate the greatest common factor of d and 650.
26
Let t(r) = 5*r**3 + 2*r**2 + r. Let l be t(2). Suppose 2*h - 64 = -3*f, -2*h - 869*f = -868*f - 48. Calculate the highest common divisor of h and l.
10
Let h be (3/3)/(22/11616*16). Suppose -3*i = -4*i + 2*v + 12, -2*i = -3*v - 21. Suppose 0 = -i*m + m + 55. Calculate the highest common factor of m and h.
11
Let r be 9/(-5) - 1/5. Let u be r*(2/2 - 3). Suppose -3 = u*d - 67. Calculate the highest common divisor of d and 64.
16
Let t(v) = v**3 + 4*v**2 + 7*v + 10. Let w be t(-4). Let j be (-6 - -8)/((-4)/w). What is the highest common divisor of 36 and j?
9
Suppose -14 - 56 = -5*h. Let g = -7943 - -8034. Calculate the greatest common factor of h and g.
7
Suppose 243 = -9*d + 3627. Let f = d - 241. Calculate the greatest common factor of f and 15.
15
Let d be (-104)/364 - (88/(-14) + 0). Let w be (2/5)/(d/660). What is the highest common divisor of 11 and w?
11
Let q(f) be the third derivative of 7*f**5/60 - 17*f**4/24 + 5*f**3/3 - 24*f**2. Let y be q(-8). Calculate the highest common factor of y and 54.
54
Suppose 4*v + h - 36 = 0, 0 = 4*v + 8*h - 4*h - 48. What is the highest common divisor of 24 and v?
8
Let p be 21/(-6)*60/(-21). What is the highest common factor of 50 and p?
10
Let r = 341 + -180. Calculate the greatest common factor of 14 and r.
7
Suppose -5*j - 5*v + 301 = 56, -3*v = 5*j - 245. Let a = 85 - j. Let c be (-4 - (1 - 8))*8. What is the highest common factor of c and a?
12
Let q = 34 - 20. Suppose -d = -s - 208, 5*d + 224 = 6*d + 3*s. Suppose -4*l + 4*b + 52 = -d, -4*b + 156 = 2*l. What is the greatest common factor of l and q?
14
Suppose -x - 3*t - 2 = -0*x, 0 = 2*x - 5*t + 37. Let r = 14 + x. Suppose -5*y = 2*g - 23, g + 21 = 3*g + r*y. Calculate the highest common divisor of g and 9.
9
Let r = -268 - -502. Let w be 259/(-49) - (-4)/14. Let t be (w + 2)*(-78)/9. Calculate the highest common factor of t and r.
26
Let d = -183 + 320. Calculate the highest common divisor of d and 2192.
137
Suppose 5*y - 59 - 16 = 0. Suppose -229*o = -236*o + 105. Calculate the highest common divisor of o and y.
15
Let r = -26 - -61. Let k(l) be the third derivative of -5*l**4/24 + 14*l**3 + 2*l**2 - 8. Let z be k(14). Calculate the highest common factor of r and z.
7
Suppose o - 11 = -0. Suppose o = -4*v - 37. Let l(i) = -2*i - 5. Let t be l(v). Calculate the greatest common factor of t and 171.
19
Let i(b) = -b**2 + 31*b + 8. Let x be i(31). What is the highest common divisor of x and 40?
8
Let j be (2*(-92)/(-20))/((-2)/(-25)). Calculate the highest common divisor of 23 and j.
23
Let j(f) = 7*f - 38. Let s(x) = -3*x + 19. Let g(i) = 4*j(i) + 9*s(i). Let p be g(-15). Calculate the greatest common divisor of 12 and p.
4
Suppose 9 = 2*v + 3*g, -2*v - 5*g = -0*v - 3. Let q(a) = a - 7. Let j be q(v). Let f be j - 22/(-2) - -1. Calculate the greatest common divisor of f and 14.
14
Let v = 81 + -86. Let g(o) = 5*o**2. Let i be g(v). Calculate the greatest common factor of i and 50.
25
Suppose 6*h - 45 = 3. Let p = 13 + h. What is the greatest common factor of 3 and p?
3
Let v be -2*(-3 - (-1 + -2 - -120)). Calculate the greatest common factor of v and 15.
15
Suppose 0 = -3*q + 2*q + 2*m - 149, -2*q - m = 323. Let i = q - -418. What is the highest common divisor of i and 37?
37
Let j = 103 + -80. What is the highest common factor of 2231 and j?
23
Let s be (-2 - -443) + (-2 - 5) + 8. What is the highest common divisor of 26 and s?
26
Let g(w) = -w**2 + 4*w + 2. Let r be g(6). Let o be -2 + 4 + (0 - r). Let p be (4/(-3))/(-4*6/864). Calculate the highest common factor of p and o.
12
Let g = -232 + 275. What is the highest common factor of g and 2?
1
Let t = -24 + 2